Calculate the greatest common divisor of 13 and 4821.
1
Calculate the highest common divisor of 5044 and 1508.
52
Calculate the greatest common divisor of 14350 and 308.
14
Calculate the greatest common divisor of 4 and 213676.
4
Calculate the highest common divisor of 242 and 1689094.
22
What is the greatest common factor of 91520 and 2420?
220
What is the greatest common factor of 74526 and 12?
6
What is the highest common divisor of 8965015 and 235?
235
Calculate the greatest common factor of 36839 and 748.
187
What is the highest common divisor of 17290 and 1045?
95
Calculate the highest common factor of 55227 and 369.
123
What is the greatest common divisor of 107331 and 7?
7
What is the greatest common factor of 424 and 1537?
53
Calculate the greatest common factor of 65283 and 940.
47
What is the greatest common factor of 148330 and 154?
14
Calculate the greatest common factor of 354519 and 594.
99
What is the greatest common factor of 1995 and 3045?
105
What is the highest common divisor of 444 and 9953?
37
What is the greatest common divisor of 96 and 28?
4
Calculate the highest common divisor of 636 and 72663.
159
Calculate the greatest common factor of 716 and 60.
4
What is the highest common factor of 5822 and 7526?
142
Calculate the highest common factor of 92 and 59938.
46
What is the highest common divisor of 3737 and 32017?
101
What is the highest common factor of 11410272 and 288?
288
Calculate the highest common divisor of 3840 and 578880.
960
Calculate the highest common divisor of 149978 and 93.
31
What is the greatest common factor of 8050 and 1250?
50
What is the greatest common divisor of 1539 and 195777?
81
What is the greatest common factor of 1353 and 576829?
451
What is the highest common factor of 110322 and 108?
54
Calculate the highest common divisor of 764 and 2535716.
764
Calculate the greatest common factor of 2392320 and 15.
15
Calculate the highest common factor of 202302 and 36.
18
Calculate the highest common divisor of 162 and 1878732.
18
What is the highest common factor of 15657 and 6447?
921
Calculate the greatest common factor of 1170918 and 252.
126
What is the greatest common divisor of 730 and 1244650?
730
Calculate the highest common factor of 2701 and 11023.
73
What is the greatest common divisor of 576 and 7712?
32
What is the greatest common divisor of 953775 and 45?
45
What is the greatest common divisor of 31 and 30473?
31
Calculate the greatest common factor of 834496 and 136.
136
Calculate the highest common divisor of 500 and 8375.
125
Calculate the highest common factor of 65844 and 472.
236
What is the highest common divisor of 1944 and 3732?
12
Calculate the greatest common factor of 104225 and 110.
55
Calculate the greatest common factor of 11518 and 26.
26
Calculate the highest common divisor of 66830 and 140180.
1630
What is the greatest common factor of 1493968 and 112?
112
What is the highest common factor of 297 and 757566?
27
What is the greatest common factor of 61 and 6220109?
61
Calculate the greatest common factor of 1918 and 520189.
137
What is the highest common divisor of 58504 and 142?
142
What is the greatest common divisor of 3283 and 196?
49
Calculate the greatest common factor of 44 and 16357.
11
What is the highest common factor of 42527 and 260107?
989
What is the highest common factor of 37225 and 75?
25
Calculate the greatest common factor of 221 and 10727.
17
What is the highest common factor of 88682 and 22?
22
What is the greatest common factor of 4 and 12854?
2
What is the highest common factor of 31605 and 75?
15
Calculate the greatest common divisor of 277100 and 163.
163
What is the highest common factor of 29548 and 712?
356
What is the greatest common divisor of 5166 and 156210?
246
What is the highest common divisor of 2832 and 2183?
59
What is the highest common divisor of 2076 and 17724?
12
Calculate the greatest common divisor of 7971 and 1020.
3
What is the greatest common factor of 20 and 388060?
20
What is the greatest common divisor of 1376 and 193328?
688
Calculate the highest common factor of 295116 and 660.
12
What is the greatest common divisor of 4082190 and 30?
30
Calculate the greatest common factor of 1107556 and 292.
292
Calculate the greatest common factor of 999 and 87.
3
What is the highest common divisor of 31009 and 11?
11
What is the greatest common factor of 1872991 and 458?
229
Calculate the highest common factor of 352 and 1208.
8
What is the greatest common factor of 27522 and 198?
198
What is the highest common divisor of 173200 and 140?
20
What is the highest common divisor of 253358 and 196?
14
Calculate the greatest common divisor of 6 and 7779.
3
What is the highest common factor of 11858 and 1606?
22
What is the highest common factor of 70 and 1223215?
35
What is the highest common factor of 37661 and 91?
13
Calculate the greatest common divisor of 3188 and 16.
4
What is the highest common factor of 232 and 80881?
29
What is the greatest common divisor of 20776 and 3528?
392
Calculate the highest common factor of 574 and 12796.
14
Calculate the greatest common divisor of 6996 and 462.
66
Calculate the highest common factor of 48 and 5826.
6
What is the greatest common factor of 64240 and 3520?
880
Calculate the greatest common divisor of 1025 and 10660.
205
What is the greatest common divisor of 202419 and 1225?
49
Calculate the greatest common factor of 36285 and 2501.
41
What is the greatest common divisor of 854799 and 33?
33
What is the highest common divisor of 73470 and 372?
186
Calculate the greatest common divisor of 10098 and 578.
34
What is the greatest common divisor of 811695 and 795?
795
Calculate the greatest common divisor of 61124 and 116466.
826
What is the highest common divisor of 36 and 241236?
36
Calculate the greatest common divisor of 312 and 35646.
78
Calculate the greatest common factor of 81648 and 67536.
1008
Calculate the highest common divisor of 164 and 44.
4
Calculate the greatest common factor of 736488 and 848.
424
What is the greatest common factor of 30773470 and 910?
910
Calculate the highest common factor of 140 and 768775.
35
Calculate the highest common factor of 160 and 106510.
10
Calculate the greatest common factor of 4291755 and 4056.
507
What is the greatest common factor of 872 and 161756?
436
Calculate the highest common factor of 9348 and 1254.
114
What is the highest common factor of 23030 and 250?
10
What is the highest common factor of 4449910 and 10?
10
Calculate the highest common factor of 14694 and 372.
186
Calculate the greatest common factor of 1166 and 1034.
22
What is the greatest common divisor of 273 and 8229?
39
Calculate the highest common divisor of 13905 and 1755.
135
Calculate the greatest common divisor of 3113 and 52072.
283
Calculate the highest common factor of 69534 and 12.
6
Calculate the greatest common divisor of 928 and 11252.
116
Calculate the greatest common factor of 7617163 and 1541.
1541
What is the greatest common divisor of 611235 and 1755?
45
What is the greatest common factor of 26013 and 11037?
39
Calculate the greatest common divisor of 2108 and 788.
4
What is the greatest common factor of 2052 and 708?
12
What is the highest common factor of 972 and 2?
2
Calculate the highest common divisor of 206793 and 189.
27
What is the greatest common divisor of 400 and 7550?
50
What is the greatest common factor of 611 and 16081?
13
What is the greatest common divisor of 485146 and 37550?
1502
What is the greatest common divisor of 156 and 77155?
13
What is the greatest common divisor of 3151 and 575?
23
Calculate the highest common divisor of 2214 and 2322.
54
What is the greatest common divisor of 3161 and 12862?
109
What is the greatest common divisor of 4139 and 51?
1
What is the greatest common divisor of 388 and 439216?
388
What is the highest common divisor of 5713 and 667?
29
Calculate the highest common factor of 90 and 112365.
45
Calculate the greatest common factor of 770 and 121418.
22
Calculate the highest common factor of 371616 and 56.
56
What is the greatest common divisor of 2806 and 4729513?
1403
What is the greatest common divisor of 6888 and 95940?
492
What is the greatest common factor of 1724 and 132?
4
Calculate the greate